{"id":480,"date":"2023-11-26T20:02:48","date_gmt":"2023-11-26T19:02:48","guid":{"rendered":"https:\/\/neuracapitalinvestment.com\/?page_id=480"},"modified":"2025-09-09T10:42:51","modified_gmt":"2025-09-09T13:42:51","slug":"publicaciones","status":"publish","type":"page","link":"https:\/\/neuracapitalinvestment.com\/index.php\/publicaciones\/","title":{"rendered":"Publicaciones"},"content":{"rendered":"\n<p><br><br><\/p>\n\n\n\n<p class=\"has-text-align-center has-large-font-size\"><strong>Notas de inter\u00e9s<\/strong><\/p>\n\n\n\n<hr class=\"wp-block-separator has-alpha-channel-opacity\"\/>\n\n\n\n<p class=\"has-text-align-center\">En nuestro espacio, la pasi\u00f3n por las finanzas es el motor que nos impulsa. Por eso, hemos creado un rinc\u00f3n dedicado al conocimiento y la actualidad: <strong>nuestras notas y blog<\/strong>. Aqu\u00ed compartimos an\u00e1lisis profundos, tendencias de mercado y perspectivas innovadoras, todo dise\u00f1ado para mantenerte informado y potenciar tus decisiones financieras. Es nuestra forma de acercarte el mundo de las finanzas, con la misma dedicaci\u00f3n y el mismo rigor que aplicamos en cada una de nuestras soluciones.<\/p>\n\n\n\n<main class=\"wp-block-query alignwide is-layout-flow wp-block-query-is-layout-flow\"><ul class=\"columns-3 alignwide wp-block-post-template is-layout-grid wp-container-core-post-template-is-layout-2d080239 wp-block-post-template-is-layout-grid\"><li class=\"wp-block-post post-781 post type-post status-publish format-standard has-post-thumbnail hentry category-blog\">\n\n<div class=\"wp-block-group has-no-hover-shadow-dark animated animated-fadeInUp gutenify-section-f4623480-e8fd-11ed-b155-5dde78a596e1 has-background-background-color has-background is-layout-flow wp-container-core-group-is-layout-1a2d16bd wp-block-group-is-layout-flow\" style=\"border-style:none;border-width:0px;border-radius:0px;padding-top:0;padding-right:0;padding-bottom:0;padding-left:0\">\n<div class=\"wp-block-cover is-light has-custom-content-position is-position-bottom-right no-padding image-zoom-hover\" style=\"padding-top:var(--wp--preset--spacing--20);padding-right:var(--wp--preset--spacing--20);padding-bottom:var(--wp--preset--spacing--20);padding-left:var(--wp--preset--spacing--20);min-height:275px;aspect-ratio:unset;\"><span aria-hidden=\"true\" class=\"wp-block-cover__background has-background-dim-10 has-background-dim\" style=\"background-color:#988975\"><\/span><img data-recalc-dims=\"1\" loading=\"lazy\" decoding=\"async\" width=\"429\" height=\"200\" src=\"https:\/\/i0.wp.com\/neuracapitalinvestment.com\/wp-content\/uploads\/2025\/09\/Nota-5.jpg?resize=429%2C200&#038;ssl=1\" class=\"wp-block-cover__image-background wp-post-image\" alt=\"\" data-object-fit=\"cover\" srcset=\"https:\/\/i0.wp.com\/neuracapitalinvestment.com\/wp-content\/uploads\/2025\/09\/Nota-5.jpg?w=429&amp;ssl=1 429w, https:\/\/i0.wp.com\/neuracapitalinvestment.com\/wp-content\/uploads\/2025\/09\/Nota-5.jpg?resize=300%2C140&amp;ssl=1 300w\" sizes=\"auto, (max-width: 429px) 100vw, 429px\" data-attachment-id=\"782\" data-permalink=\"https:\/\/neuracapitalinvestment.com\/index.php\/2025\/09\/07\/nota-5\/nota-5\/\" data-orig-file=\"https:\/\/i0.wp.com\/neuracapitalinvestment.com\/wp-content\/uploads\/2025\/09\/Nota-5.jpg?fit=429%2C200&amp;ssl=1\" data-orig-size=\"429,200\" data-comments-opened=\"1\" data-image-meta=\"{&quot;aperture&quot;:&quot;0&quot;,&quot;credit&quot;:&quot;&quot;,&quot;camera&quot;:&quot;&quot;,&quot;caption&quot;:&quot;&quot;,&quot;created_timestamp&quot;:&quot;0&quot;,&quot;copyright&quot;:&quot;&quot;,&quot;focal_length&quot;:&quot;0&quot;,&quot;iso&quot;:&quot;0&quot;,&quot;shutter_speed&quot;:&quot;0&quot;,&quot;title&quot;:&quot;&quot;,&quot;orientation&quot;:&quot;0&quot;}\" data-image-title=\"Nota 5\" data-image-description=\"\" data-image-caption=\"\" data-medium-file=\"https:\/\/i0.wp.com\/neuracapitalinvestment.com\/wp-content\/uploads\/2025\/09\/Nota-5.jpg?fit=300%2C140&amp;ssl=1\" data-large-file=\"https:\/\/i0.wp.com\/neuracapitalinvestment.com\/wp-content\/uploads\/2025\/09\/Nota-5.jpg?fit=429%2C200&amp;ssl=1\" \/><div class=\"wp-block-cover__inner-container is-layout-flow wp-block-cover-is-layout-flow\">\n<p class=\"has-text-align-center has-large-font-size\"><\/p>\n<\/div><\/div>\n\n\n\n<div class=\"wp-block-group overlap-section is-layout-constrained wp-container-core-group-is-layout-bd5ecbb8 wp-block-group-is-layout-constrained\" style=\"margin-top:-30px;padding-right:var(--wp--preset--spacing--30);padding-left:var(--wp--preset--spacing--30)\">\n<div class=\"wp-block-group alignwide has-background-background-color has-background is-layout-flow wp-container-core-group-is-layout-e6e83b9a wp-block-group-is-layout-flow\" style=\"border-style:none;border-width:0px;margin-top:0px;padding-top:30px;padding-right:30px;padding-bottom:30px;padding-left:30px\">\n<div class=\"wp-block-group alignwide is-layout-flow wp-block-group-is-layout-flow\" style=\"margin-top:0px;padding-top:0px;padding-right:0px;padding-bottom:5px;padding-left:0px\"><h3 style=\"font-style:normal;font-weight:600;line-height:1.4;text-transform:capitalize; margin-top:0;margin-bottom:0;\" class=\"has-link-color alignwide wp-elements-3d114c7f304d09195daf240851cde819 wp-block-post-title\"><a href=\"https:\/\/neuracapitalinvestment.com\/index.php\/2025\/09\/07\/nota-5\/\" target=\"_self\" >Tendencias de inversi\u00f3n Globales<\/a><\/h3><\/div>\n\n\n\n<div class=\"wp-block-group is-content-justification-left is-nowrap is-layout-flex wp-container-core-group-is-layout-99b47612 wp-block-group-is-layout-flex\" style=\"padding-bottom:var(--wp--preset--spacing--10)\"><div style=\"font-style:normal;font-weight:500; padding-top:0;padding-right:var(--wp--preset--spacing--10);padding-bottom:0;padding-left:var(--wp--preset--spacing--10);margin-top:0;margin-right:0;margin-bottom:0;margin-left:0;\" class=\"has-link-color wp-elements-0794a5897bb35310917a54170411e011 wp-block-post-date has-text-color has-body-text-color has-extra-small-font-size\"><time datetime=\"2025-09-07T19:37:12-03:00\"><a href=\"https:\/\/neuracapitalinvestment.com\/index.php\/2025\/09\/07\/nota-5\/\">Sep 7, 2025<\/a><\/time><\/div><\/div>\n\n\n<div class=\"has-link-color wp-elements-2b15496f4b4c296cb13a66890fd7cfb0 wp-block-post-excerpt\"><p class=\"wp-block-post-excerpt__excerpt\">Introducci\u00f3nEl mundo de las inversiones est\u00e1 atravesando un cambio profundo. Los shocks econ\u00f3micos, las tensiones <a class=\"wp-block-post-excerpt__more-link\" href=\"https:\/\/neuracapitalinvestment.com\/index.php\/2025\/09\/07\/nota-5\/\">Know More<\/a><\/p><\/div><\/div>\n<\/div>\n<\/div>\n\n<\/li><li class=\"wp-block-post post-778 post type-post status-publish format-standard has-post-thumbnail hentry category-blog\">\n\n<div class=\"wp-block-group has-no-hover-shadow-dark animated animated-fadeInUp gutenify-section-f4623480-e8fd-11ed-b155-5dde78a596e1 has-background-background-color has-background is-layout-flow wp-container-core-group-is-layout-1a2d16bd wp-block-group-is-layout-flow\" style=\"border-style:none;border-width:0px;border-radius:0px;padding-top:0;padding-right:0;padding-bottom:0;padding-left:0\">\n<div class=\"wp-block-cover is-light has-custom-content-position is-position-bottom-right no-padding image-zoom-hover\" style=\"padding-top:var(--wp--preset--spacing--20);padding-right:var(--wp--preset--spacing--20);padding-bottom:var(--wp--preset--spacing--20);padding-left:var(--wp--preset--spacing--20);min-height:275px;aspect-ratio:unset;\"><span aria-hidden=\"true\" class=\"wp-block-cover__background has-background-dim-10 has-background-dim\" style=\"background-color:#988975\"><\/span><img data-recalc-dims=\"1\" loading=\"lazy\" decoding=\"async\" width=\"1536\" height=\"1024\" src=\"https:\/\/i0.wp.com\/neuracapitalinvestment.com\/wp-content\/uploads\/2025\/09\/Gen-Z-traspaso.png?resize=1536%2C1024&#038;ssl=1\" class=\"wp-block-cover__image-background wp-post-image\" alt=\"\" data-object-fit=\"cover\" srcset=\"https:\/\/i0.wp.com\/neuracapitalinvestment.com\/wp-content\/uploads\/2025\/09\/Gen-Z-traspaso.png?w=1536&amp;ssl=1 1536w, https:\/\/i0.wp.com\/neuracapitalinvestment.com\/wp-content\/uploads\/2025\/09\/Gen-Z-traspaso.png?resize=300%2C200&amp;ssl=1 300w, https:\/\/i0.wp.com\/neuracapitalinvestment.com\/wp-content\/uploads\/2025\/09\/Gen-Z-traspaso.png?resize=1024%2C683&amp;ssl=1 1024w, https:\/\/i0.wp.com\/neuracapitalinvestment.com\/wp-content\/uploads\/2025\/09\/Gen-Z-traspaso.png?resize=768%2C512&amp;ssl=1 768w, https:\/\/i0.wp.com\/neuracapitalinvestment.com\/wp-content\/uploads\/2025\/09\/Gen-Z-traspaso.png?resize=1200%2C800&amp;ssl=1 1200w\" sizes=\"auto, (max-width: 1000px) 100vw, 1000px\" data-attachment-id=\"779\" data-permalink=\"https:\/\/neuracapitalinvestment.com\/index.php\/2025\/09\/01\/lnota-4\/gen-z-traspaso\/\" data-orig-file=\"https:\/\/i0.wp.com\/neuracapitalinvestment.com\/wp-content\/uploads\/2025\/09\/Gen-Z-traspaso.png?fit=1536%2C1024&amp;ssl=1\" data-orig-size=\"1536,1024\" data-comments-opened=\"1\" data-image-meta=\"{&quot;aperture&quot;:&quot;0&quot;,&quot;credit&quot;:&quot;&quot;,&quot;camera&quot;:&quot;&quot;,&quot;caption&quot;:&quot;&quot;,&quot;created_timestamp&quot;:&quot;0&quot;,&quot;copyright&quot;:&quot;&quot;,&quot;focal_length&quot;:&quot;0&quot;,&quot;iso&quot;:&quot;0&quot;,&quot;shutter_speed&quot;:&quot;0&quot;,&quot;title&quot;:&quot;&quot;,&quot;orientation&quot;:&quot;0&quot;}\" data-image-title=\"Gen Z traspaso\" data-image-description=\"\" data-image-caption=\"\" data-medium-file=\"https:\/\/i0.wp.com\/neuracapitalinvestment.com\/wp-content\/uploads\/2025\/09\/Gen-Z-traspaso.png?fit=300%2C200&amp;ssl=1\" data-large-file=\"https:\/\/i0.wp.com\/neuracapitalinvestment.com\/wp-content\/uploads\/2025\/09\/Gen-Z-traspaso.png?fit=1024%2C683&amp;ssl=1\" \/><div class=\"wp-block-cover__inner-container is-layout-flow wp-block-cover-is-layout-flow\">\n<p class=\"has-text-align-center has-large-font-size\"><\/p>\n<\/div><\/div>\n\n\n\n<div class=\"wp-block-group overlap-section is-layout-constrained wp-container-core-group-is-layout-bd5ecbb8 wp-block-group-is-layout-constrained\" style=\"margin-top:-30px;padding-right:var(--wp--preset--spacing--30);padding-left:var(--wp--preset--spacing--30)\">\n<div class=\"wp-block-group alignwide has-background-background-color has-background is-layout-flow wp-container-core-group-is-layout-e6e83b9a wp-block-group-is-layout-flow\" style=\"border-style:none;border-width:0px;margin-top:0px;padding-top:30px;padding-right:30px;padding-bottom:30px;padding-left:30px\">\n<div class=\"wp-block-group alignwide is-layout-flow wp-block-group-is-layout-flow\" style=\"margin-top:0px;padding-top:0px;padding-right:0px;padding-bottom:5px;padding-left:0px\"><h3 style=\"font-style:normal;font-weight:600;line-height:1.4;text-transform:capitalize; margin-top:0;margin-bottom:0;\" class=\"has-link-color alignwide wp-elements-3d114c7f304d09195daf240851cde819 wp-block-post-title\"><a href=\"https:\/\/neuracapitalinvestment.com\/index.php\/2025\/09\/01\/lnota-4\/\" target=\"_self\" >La nueva generaci\u00f3n de Family Offices: transformando el futuro de la inversi\u00f3n<\/a><\/h3><\/div>\n\n\n\n<div class=\"wp-block-group is-content-justification-left is-nowrap is-layout-flex wp-container-core-group-is-layout-99b47612 wp-block-group-is-layout-flex\" style=\"padding-bottom:var(--wp--preset--spacing--10)\"><div style=\"font-style:normal;font-weight:500; padding-top:0;padding-right:var(--wp--preset--spacing--10);padding-bottom:0;padding-left:var(--wp--preset--spacing--10);margin-top:0;margin-right:0;margin-bottom:0;margin-left:0;\" class=\"has-link-color wp-elements-0794a5897bb35310917a54170411e011 wp-block-post-date has-text-color has-body-text-color has-extra-small-font-size\"><time datetime=\"2025-09-01T15:33:09-03:00\"><a href=\"https:\/\/neuracapitalinvestment.com\/index.php\/2025\/09\/01\/lnota-4\/\">Sep 1, 2025<\/a><\/time><\/div><\/div>\n\n\n<div class=\"has-link-color wp-elements-2b15496f4b4c296cb13a66890fd7cfb0 wp-block-post-excerpt\"><p class=\"wp-block-post-excerpt__excerpt\">Un cambio generacional en la gesti\u00f3n patrimonial Hist\u00f3ricamente, los family offices se han concebido para <a class=\"wp-block-post-excerpt__more-link\" href=\"https:\/\/neuracapitalinvestment.com\/index.php\/2025\/09\/01\/lnota-4\/\">Know More<\/a><\/p><\/div><\/div>\n<\/div>\n<\/div>\n\n<\/li><li class=\"wp-block-post post-516 post type-post status-publish format-standard has-post-thumbnail hentry category-blog\">\n\n<div class=\"wp-block-group has-no-hover-shadow-dark animated animated-fadeInUp gutenify-section-f4623480-e8fd-11ed-b155-5dde78a596e1 has-background-background-color has-background is-layout-flow wp-container-core-group-is-layout-1a2d16bd wp-block-group-is-layout-flow\" style=\"border-style:none;border-width:0px;border-radius:0px;padding-top:0;padding-right:0;padding-bottom:0;padding-left:0\">\n<div class=\"wp-block-cover is-light has-custom-content-position is-position-bottom-right no-padding image-zoom-hover\" style=\"padding-top:var(--wp--preset--spacing--20);padding-right:var(--wp--preset--spacing--20);padding-bottom:var(--wp--preset--spacing--20);padding-left:var(--wp--preset--spacing--20);min-height:275px;aspect-ratio:unset;\"><span aria-hidden=\"true\" class=\"wp-block-cover__background has-background-dim-10 has-background-dim\" style=\"background-color:#988975\"><\/span><img data-recalc-dims=\"1\" loading=\"lazy\" decoding=\"async\" width=\"2560\" height=\"1707\" src=\"https:\/\/i0.wp.com\/neuracapitalinvestment.com\/wp-content\/uploads\/2025\/06\/Nota-1-scaled.jpg?resize=2560%2C1707&#038;ssl=1\" class=\"wp-block-cover__image-background wp-post-image\" alt=\"\" data-object-fit=\"cover\" srcset=\"https:\/\/i0.wp.com\/neuracapitalinvestment.com\/wp-content\/uploads\/2025\/06\/Nota-1-scaled.jpg?w=2560&amp;ssl=1 2560w, https:\/\/i0.wp.com\/neuracapitalinvestment.com\/wp-content\/uploads\/2025\/06\/Nota-1-scaled.jpg?resize=300%2C200&amp;ssl=1 300w, https:\/\/i0.wp.com\/neuracapitalinvestment.com\/wp-content\/uploads\/2025\/06\/Nota-1-scaled.jpg?resize=1024%2C683&amp;ssl=1 1024w, https:\/\/i0.wp.com\/neuracapitalinvestment.com\/wp-content\/uploads\/2025\/06\/Nota-1-scaled.jpg?resize=768%2C512&amp;ssl=1 768w, https:\/\/i0.wp.com\/neuracapitalinvestment.com\/wp-content\/uploads\/2025\/06\/Nota-1-scaled.jpg?resize=1536%2C1024&amp;ssl=1 1536w, https:\/\/i0.wp.com\/neuracapitalinvestment.com\/wp-content\/uploads\/2025\/06\/Nota-1-scaled.jpg?resize=2048%2C1365&amp;ssl=1 2048w, https:\/\/i0.wp.com\/neuracapitalinvestment.com\/wp-content\/uploads\/2025\/06\/Nota-1-scaled.jpg?resize=1200%2C800&amp;ssl=1 1200w\" sizes=\"auto, (max-width: 1000px) 100vw, 1000px\" data-attachment-id=\"733\" data-permalink=\"https:\/\/neuracapitalinvestment.com\/index.php\/2025\/06\/21\/nota-3\/nota-1\/\" data-orig-file=\"https:\/\/i0.wp.com\/neuracapitalinvestment.com\/wp-content\/uploads\/2025\/06\/Nota-1-scaled.jpg?fit=2560%2C1707&amp;ssl=1\" data-orig-size=\"2560,1707\" data-comments-opened=\"1\" data-image-meta=\"{&quot;aperture&quot;:&quot;0&quot;,&quot;credit&quot;:&quot;&quot;,&quot;camera&quot;:&quot;&quot;,&quot;caption&quot;:&quot;&quot;,&quot;created_timestamp&quot;:&quot;0&quot;,&quot;copyright&quot;:&quot;&quot;,&quot;focal_length&quot;:&quot;0&quot;,&quot;iso&quot;:&quot;0&quot;,&quot;shutter_speed&quot;:&quot;0&quot;,&quot;title&quot;:&quot;&quot;,&quot;orientation&quot;:&quot;0&quot;}\" data-image-title=\"Nota 1\" data-image-description=\"\" data-image-caption=\"\" data-medium-file=\"https:\/\/i0.wp.com\/neuracapitalinvestment.com\/wp-content\/uploads\/2025\/06\/Nota-1-scaled.jpg?fit=300%2C200&amp;ssl=1\" data-large-file=\"https:\/\/i0.wp.com\/neuracapitalinvestment.com\/wp-content\/uploads\/2025\/06\/Nota-1-scaled.jpg?fit=1024%2C683&amp;ssl=1\" \/><div class=\"wp-block-cover__inner-container is-layout-flow wp-block-cover-is-layout-flow\">\n<p class=\"has-text-align-center has-large-font-size\"><\/p>\n<\/div><\/div>\n\n\n\n<div class=\"wp-block-group overlap-section is-layout-constrained wp-container-core-group-is-layout-bd5ecbb8 wp-block-group-is-layout-constrained\" style=\"margin-top:-30px;padding-right:var(--wp--preset--spacing--30);padding-left:var(--wp--preset--spacing--30)\">\n<div class=\"wp-block-group alignwide has-background-background-color has-background is-layout-flow wp-container-core-group-is-layout-e6e83b9a wp-block-group-is-layout-flow\" style=\"border-style:none;border-width:0px;margin-top:0px;padding-top:30px;padding-right:30px;padding-bottom:30px;padding-left:30px\">\n<div class=\"wp-block-group alignwide is-layout-flow wp-block-group-is-layout-flow\" style=\"margin-top:0px;padding-top:0px;padding-right:0px;padding-bottom:5px;padding-left:0px\"><h3 style=\"font-style:normal;font-weight:600;line-height:1.4;text-transform:capitalize; margin-top:0;margin-bottom:0;\" class=\"has-link-color alignwide wp-elements-3d114c7f304d09195daf240851cde819 wp-block-post-title\"><a href=\"https:\/\/neuracapitalinvestment.com\/index.php\/2025\/06\/21\/nota-3\/\" target=\"_self\" >La importancia de los veh\u00edculos de inversi\u00f3n personalizados en un mundo financiero cambiante<\/a><\/h3><\/div>\n\n\n\n<div class=\"wp-block-group is-content-justification-left is-nowrap is-layout-flex wp-container-core-group-is-layout-99b47612 wp-block-group-is-layout-flex\" style=\"padding-bottom:var(--wp--preset--spacing--10)\"><div style=\"font-style:normal;font-weight:500; padding-top:0;padding-right:var(--wp--preset--spacing--10);padding-bottom:0;padding-left:var(--wp--preset--spacing--10);margin-top:0;margin-right:0;margin-bottom:0;margin-left:0;\" class=\"has-link-color wp-elements-0794a5897bb35310917a54170411e011 wp-block-post-date has-text-color has-body-text-color has-extra-small-font-size\"><time datetime=\"2025-06-21T00:25:55-03:00\"><a href=\"https:\/\/neuracapitalinvestment.com\/index.php\/2025\/06\/21\/nota-3\/\">Jun 21, 2025<\/a><\/time><\/div><\/div>\n\n\n<div class=\"has-link-color wp-elements-2b15496f4b4c296cb13a66890fd7cfb0 wp-block-post-excerpt\"><p class=\"wp-block-post-excerpt__excerpt\">Introducci\u00f3n En la \u00faltima d\u00e9cada, los mercados financieros han atravesado transformaciones profundas: tasas de inter\u00e9s <a class=\"wp-block-post-excerpt__more-link\" href=\"https:\/\/neuracapitalinvestment.com\/index.php\/2025\/06\/21\/nota-3\/\">Know More<\/a><\/p><\/div><\/div>\n<\/div>\n<\/div>\n\n<\/li><\/ul><\/main>\n\n\n\n<div class=\"wp-block-group alignwide is-content-justification-center is-nowrap is-layout-flex wp-container-core-group-is-layout-0d4f9366 wp-block-group-is-layout-flex\" style=\"padding-top:0px;padding-right:0px;padding-bottom:0px;padding-left:0px\">\n<div class=\"wp-block-buttons animated animated-fadeInUp is-content-justification-left is-layout-flex wp-container-core-buttons-is-layout-74e76067 wp-block-buttons-is-layout-flex\" style=\"margin-top:20px;margin-bottom:20px\">\n<div class=\"wp-block-button is-style-fill\"><a class=\"wp-block-button__link wp-element-button\" href=\"https:\/\/neuracapitalinvestment.com\/index.php\/publicaciones-listado\/\" style=\"padding-right:35px;padding-left:35px\">Explora m\u00e1s<\/a><\/div>\n<\/div>\n<\/div>\n\n\n\n<p><\/p>\n","protected":false},"excerpt":{"rendered":"<p>Notas de inter\u00e9s En nuestro espacio, la pasi\u00f3n por las finanzas es el motor que [&hellip;]<\/p>\n","protected":false},"author":1,"featured_media":0,"parent":0,"menu_order":0,"comment_status":"closed","ping_status":"closed","template":"","meta":{"jetpack_post_was_ever_published":false,"footnotes":""},"class_list":["post-480","page","type-page","status-publish","hentry"],"_links":{"self":[{"href":"https:\/\/neuracapitalinvestment.com\/index.php\/wp-json\/wp\/v2\/pages\/480","targetHints":{"allow":["GET"]}}],"collection":[{"href":"https:\/\/neuracapitalinvestment.com\/index.php\/wp-json\/wp\/v2\/pages"}],"about":[{"href":"https:\/\/neuracapitalinvestment.com\/index.php\/wp-json\/wp\/v2\/types\/page"}],"author":[{"embeddable":true,"href":"https:\/\/neuracapitalinvestment.com\/index.php\/wp-json\/wp\/v2\/users\/1"}],"replies":[{"embeddable":true,"href":"https:\/\/neuracapitalinvestment.com\/index.php\/wp-json\/wp\/v2\/comments?post=480"}],"version-history":[{"count":26,"href":"https:\/\/neuracapitalinvestment.com\/index.php\/wp-json\/wp\/v2\/pages\/480\/revisions"}],"predecessor-version":[{"id":811,"href":"https:\/\/neuracapitalinvestment.com\/index.php\/wp-json\/wp\/v2\/pages\/480\/revisions\/811"}],"wp:attachment":[{"href":"https:\/\/neuracapitalinvestment.com\/index.php\/wp-json\/wp\/v2\/media?parent=480"}],"curies":[{"name":"wp","href":"https:\/\/api.w.org\/{rel}","templated":true}]}}